he highest common divisor of 66 and 36652?
22
Calculate the highest common factor of 280 and 387275.
35
Calculate the greatest common factor of 392046 and 4344.
1086
Calculate the highest common divisor of 84 and 61.
1
Calculate the greatest common factor of 1771 and 6160.
77
What is the greatest common factor of 322652 and 220?
44
Calculate the highest common divisor of 255 and 3673615.
85
What is the greatest common factor of 145730 and 767?
767
What is the greatest common factor of 240 and 48336?
48
What is the highest common factor of 116 and 9222?
58
Calculate the greatest common factor of 355408 and 32.
16
What is the greatest common divisor of 1717353 and 11039?
1577
What is the greatest common divisor of 541593 and 351?
351
What is the highest common divisor of 18469 and 231242?
253
What is the highest common factor of 21567 and 2528?
79
Calculate the greatest common factor of 126 and 17598.
42
Calculate the greatest common factor of 2650 and 57275.
25
What is the greatest common factor of 487 and 2329321?
487
Calculate the highest common divisor of 1124 and 412.
4
Calculate the greatest common factor of 11 and 2167363.
11
Calculate the greatest common divisor of 21 and 5622.
3
What is the greatest common divisor of 39 and 17208?
3
What is the highest common divisor of 380 and 5?
5
Calculate the greatest common factor of 704 and 7944.
8
Calculate the greatest common divisor of 3240 and 306828.
324
Calculate the greatest common factor of 11693 and 7304.
11
What is the highest common factor of 3456 and 56?
8
Calculate the highest common factor of 21555 and 435.
15
Calculate the greatest common factor of 10140 and 24.
12
Calculate the greatest common factor of 1138 and 1489073.
569
Calculate the highest common factor of 2316 and 1748.
4
What is the highest common factor of 233512 and 2020?
404
What is the highest common divisor of 42079 and 1160?
29
What is the greatest common factor of 51212 and 1488?
124
Calculate the greatest common factor of 272 and 336464.
272
What is the highest common factor of 521573 and 13?
13
Calculate the greatest common divisor of 1260 and 2331.
63
What is the highest common divisor of 16 and 987032?
8
What is the highest common divisor of 2869 and 614419?
151
Calculate the greatest common divisor of 85 and 1989391.
17
What is the highest common factor of 51 and 41174?
17
What is the greatest common factor of 683802 and 1512?
378
What is the highest common divisor of 680770 and 380?
190
Calculate the greatest common factor of 3163930 and 490.
490
Calculate the greatest common factor of 5755788 and 36.
36
What is the greatest common divisor of 185 and 6285?
5
What is the highest common factor of 486 and 146709?
9
What is the highest common divisor of 54080 and 1440?
160
What is the greatest common factor of 2173 and 5830?
53
Calculate the greatest common divisor of 61337 and 83.
83
Calculate the highest common divisor of 533650 and 52.
26
What is the highest common divisor of 3587 and 17?
17
Calculate the greatest common divisor of 3 and 3951.
3
Calculate the greatest common divisor of 2842 and 16758.
98
What is the greatest common divisor of 288 and 591732?
36
Calculate the highest common factor of 57 and 64011.
57
Calculate the greatest common factor of 2780 and 1371235.
695
What is the greatest common divisor of 180 and 175188?
12
Calculate the greatest common factor of 60976 and 2781.
103
Calculate the greatest common divisor of 733245 and 60.
15
What is the highest common factor of 53040 and 705?
15
What is the highest common divisor of 81 and 2457?
27
Calculate the greatest common divisor of 282382 and 2168.
542
Calculate the greatest common factor of 81 and 317763.
81
Calculate the highest common divisor of 114 and 8056.
38
What is the highest common divisor of 4038 and 255067?
673
Calculate the highest common factor of 1 and 6621.
1
What is the greatest common divisor of 760 and 13490?
190
What is the greatest common divisor of 2 and 15804?
2
Calculate the greatest common factor of 1405374 and 852.
426
What is the greatest common divisor of 338 and 3549?
169
What is the greatest common factor of 970 and 3?
1
What is the greatest common divisor of 187 and 262174?
187
What is the highest common divisor of 88265 and 2286?
127
Calculate the greatest common factor of 73336 and 6592.
824
What is the greatest common factor of 276 and 1537458?
138
What is the highest common factor of 2418 and 86164?
26
Calculate the greatest common factor of 71188 and 296.
148
Calculate the highest common divisor of 66885 and 130.
65
What is the greatest common factor of 10 and 2654960?
10
Calculate the greatest common divisor of 152 and 438444.
76
Calculate the greatest common divisor of 41008 and 946.
22
Calculate the greatest common factor of 1183281 and 66.
33
What is the greatest common factor of 858 and 1980?
66
Calculate the greatest common divisor of 12267 and 8.
1
Calculate the highest common divisor of 7 and 559.
1
What is the greatest common factor of 62738 and 78299?
247
Calculate the highest common divisor of 19 and 91960.
19
What is the highest common factor of 224295 and 2850?
285
Calculate the highest common divisor of 46294 and 31644.
586
Calculate the highest common divisor of 4240786 and 638.
638
Calculate the highest common divisor of 360 and 61632.
72
What is the greatest common divisor of 6498 and 19323?
171
Calculate the highest common divisor of 15 and 131790.
15
Calculate the greatest common factor of 56 and 6818.
14
What is the greatest common divisor of 316 and 711?
79
What is the greatest common divisor of 84 and 12138?
42
Calculate the greatest common divisor of 98681 and 55.
11
What is the highest common factor of 30 and 8979450?
30
What is the highest common factor of 30566 and 310?
62
Calculate the greatest common factor of 30177 and 1260.
63
Calculate the greatest common divisor of 114 and 761406.
114
Calculate the greatest common divisor of 25177 and 119.
17
What is the highest common divisor of 3732613 and 577?
577
What is the highest common factor of 3094 and 34867?
119
What is the highest common factor of 626 and 224?
2
What is the highest common divisor of 1921445 and 25?
5
Calculate the greatest common divisor of 2884 and 812.
28
Calculate the highest common divisor of 2322 and 9632.
86
What is the greatest common factor of 5472096 and 112?
112
What is the highest common factor of 1305404 and 12?
4
Calculate the highest common divisor of 77672 and 2996.
28
Calculate the greatest common factor of 272 and 270776.
136
Calculate the greatest common factor of 1636856 and 208.
104
Calculate the greatest common factor of 1870 and 74426.
374
Calculate the greatest common divisor of 9300 and 93372.
372
Calculate the highest common factor of 1582 and 14.
14
Calculate the greatest common divisor of 18 and 280504.
2
Calculate the greatest common divisor of 910 and 32578.
182
Calculate the greatest common factor of 11802 and 1134.
42
Calculate the greatest common divisor of 10 and 6022.
2
What is the highest common factor of 4736 and 2738?
74
Calculate the greatest common factor of 209622 and 5766.
186
What is the greatest common divisor of 5117 and 131838?
301
What is the greatest common factor of 43813 and 77?
77
What is the greatest common divisor of 2790 and 246078?
558
What is the highest common factor of 5408998 and 1043?
1043
What is the greatest common divisor of 15 and 14865?
15
What is the greatest common divisor of 221973 and 483?
69
Calculate the greatest common factor of 6808 and 152.
8
What is the highest common factor of 26 and 19981?
13
Calculate the highest common divisor of 79894 and 3827.
43
Calculate the highest common factor of 1000 and 8.
8
Calculate the greatest common divisor of 9 and 172629.
9
Calculate the greatest common divisor of 448 and 44072.
56
Calculate the greatest common factor of 18550 and 15050.
350
Calculate the highest common divisor of 742 and 8798.
106
Calculate the highest common divisor of 621 and 13156.
23
What is the highest common factor of 3210 and 750?
30
Calculate the greatest common divisor of 425015 and 10.
5
Calculate the highest common divisor of 4450 and 20826.
178
What is the greatest common divisor of 87 and 72094?
29
What is the greatest com